of b and 2619?
27
Let m be (-10)/135 - 12370/(-54). Suppose 5*q - 2246 = m. Calculate the highest common divisor of q and 55.
55
Suppose -4*g + 5*d + 66 = 0, 78 = 2*g + 63*d - 58*d. Let q be 6/(2 - 10/8). What is the highest common divisor of q and g?
8
Let t be ((-6)/(-9))/(4/66). Let z = 14 + t. Suppose k - z = -4*k. What is the greatest common divisor of k and 25?
5
Let v = 16200 + -16032. What is the highest common factor of v and 2136?
24
Let m = 65245 - 65241. Let k be (-2)/6 - 50/(-6). Calculate the highest common divisor of k and m.
4
Suppose -1404 = 119741*y - 119754*y. Calculate the highest common divisor of 5157 and y.
27
Let i be (-5*9/(-30))/(1/6). Suppose -5*v + i*v - 172 = 0. Let q = -55 - -313. What is the greatest common factor of q and v?
43
Let t be 0/2 - 1 - -3. Suppose 26 + 20 = t*c. Suppose 22*b = 2326 + 1216. Calculate the highest common factor of c and b.
23
Suppose -1437*r + 1439*r - 51 = -7*o, 3*r = 2*o + 39. What is the highest common factor of 36030 and r?
15
Suppose -1182 = -5*i + 43. Suppose -185*k + 20 = -190*k. Let v be 0 - (-34 - (k + 5)). What is the highest common divisor of v and i?
35
Let w be 3432/(-110)*1/(6/(-20)). Let h be w*(-2 - (-5)/2). What is the greatest common divisor of 234 and h?
26
Let x = -102 + 117. Suppose -g + x = 18. Let t(q) = -10*q - 9. Let v be t(g). What is the highest common divisor of v and 231?
21
Let d(a) = -2*a**3 + 44*a**2 + 44*a + 70. Let i be d(20). Calculate the greatest common factor of i and 408.
102
Let f = -1126 - -428. Let o = f + 748. Let k be (-1)/((-1)/6)*5. What is the greatest common divisor of o and k?
10
Suppose 151*m = 147*m + 312. What is the greatest common divisor of 494 and m?
26
Let z be (2620/(-12))/((-1376)/456 + 3). Calculate the greatest common factor of 95 and z.
95
Suppose -p = -4*q - 338, 0 = 3*q - 34 + 25. Calculate the greatest common divisor of 3050 and p.
50
Let t be (-3)/(-1)*(-2 + (-11)/(-3)). Suppose -2*w + t*i = -399, w - 2*i - 6 = 196. What is the greatest common factor of 4 and w?
4
Suppose -2*u + 3*g + 2240 + 977 = 0, 4*g = 3*u - 4828. What is the highest common divisor of 12 and u?
4
Let m(l) = l**2 + 3*l - 14. Let k be m(-5). Suppose -17*j - 40 = 79. Let w be 3/(-1) - j - (-1 + k). What is the greatest common divisor of 1 and w?
1
Suppose 1036*c - 980*c - 288344 = 0. What is the highest common factor of 19 and c?
19
Suppose -3*a + 3*a = -21*a + 3969. Calculate the greatest common factor of 19845 and a.
189
Let p = 38 - 27. Let j(l) = 102*l**2 + 3*l - 1. Let a be j(3). Let h = a - 882. Calculate the greatest common factor of p and h.
11
Suppose 6*z + 4*z - 92140 = -0*z. Calculate the highest common divisor of z and 17.
17
Suppose 32*g - 30*g = 0, 4*s - 14*g - 6848 = 0. What is the highest common divisor of s and 64?
16
Let u be (-440)/(-16) - 2 - (-36)/24. Calculate the highest common divisor of u and 2799.
9
Let n be 66/(6/2) - 1. Let l be 6 - 2443/(-91) - (-5 + (-63)/(-13)). Calculate the highest common divisor of l and n.
3
Let r(w) = w**3 - 20*w**2 + 25*w - 38. Let z be r(13). Let v be (4 - -6)*z/(-35). What is the highest common divisor of 16 and v?
16
Suppose 13*g - 6*g = 0. Suppose -14*a + 10*a + 364 = g. What is the highest common factor of a and 26?
13
Let q be (-1 + -3 + 4)*-1. Let u be (19 + -4)*(q - (-120)/9). What is the greatest common factor of 40 and u?
40
Suppose 4*x - 1770 + 66 = -5*h, x = h + 426. Calculate the greatest common factor of 4970 and x.
142
Let z(g) = 2*g + 25. Let d be z(-4). Calculate the greatest common divisor of d and 3145.
17
Let t be (-5 + 3)*615525/(-50). Calculate the greatest common divisor of 87 and t.
87
Suppose 0 = 5*q - 937 + 232. What is the greatest common factor of q and 2585?
47
Let l be 33 + (1 - -24)/(-5). Let k be 21/l - (-18)/8. Let v be k*5/(-2)*714/(-85). Calculate the greatest common divisor of 14 and v.
7
Let p be -7*(-150)/84*2*1. Suppose -5*y + 58 = -2*m + 191, 5*y + p = 0. What is the highest common factor of m and 2?
2
Let i(c) = -c**3 - 44*c**2 + 44*c - 40. Let b be i(-45). Suppose o = 2*o + 4*w - 36, -20 = -b*w. What is the greatest common divisor of o and 25?
5
Suppose 3*b - 3 = 24. Let x be -195*((-15)/10)/((-18)/(-12)). Let i = -186 + x. What is the highest common factor of i and b?
9
Let a be (-52)/((-2)/(-6)*-2). Let s = 48899 + -48769. Calculate the greatest common factor of s and a.
26
Suppose 0 = 3*b - 6, 2*b + 3895 = 5*d - 1901. Let s be (24/(-10))/((-12)/d). Let g be ((812/(-8))/(-7))/(2/4). What is the greatest common divisor of g and s?
29
Let n(h) = h**3 + 4*h**2 - 3*h - 5. Suppose 5*a = -4*x - 382, x + 36 = -5*a - 67. Let j = x + 90. Let y be n(j). What is the highest common factor of y and 13?
13
Let r = -1189 + 3037. Calculate the greatest common factor of r and 759.
33
Let s be ((5920/(-25))/(-8))/(-5 + 3843/765). Calculate the greatest common divisor of s and 136.
34
Suppose -1940 = -4*q + 7*c + 1347, -5*q = -4*c - 4104. Calculate the greatest common divisor of 40 and q.
20
Let k be (-22 + (2 - 2)/(-3))*(137 - 147). What is the greatest common factor of 200 and k?
20
Suppose 799623 + 368109 = 41*i + 122*i. Calculate the highest common divisor of i and 36.
36
Let n(j) = 3*j**2 - 32*j + 93. Let t be n(4). Suppose 603 + 255 = t*r. Calculate the highest common factor of r and 88.
22
Let z = 54 - 56. Let i be 17*z*(21/(-14) + 0). Let o = -28 + i. Calculate the highest common factor of o and 115.
23
Suppose t + 9 = -3*d, -4*t = -d - d - 20. Suppose -t*x - 5 + 5 = 0. Suppose x = -3*f - 17 + 68. What is the greatest common factor of f and 34?
17
Suppose 4643 = 8*s - 2637. Suppose -72*c + s = -37*c. What is the greatest common factor of 117 and c?
13
Suppose 0 = -174*q + 176*q - 20. Calculate the greatest common factor of 95 and q.
5
Let f(w) = 2*w - 18. Let a be f(6). Let k = 24 + a. Suppose -2*n = -12 - k. What is the highest common factor of n and 165?
15
Let a(v) = v**3 + 106*v**2 + 496*v + 43. Let y be a(-101). Calculate the highest common factor of 1736 and y.
56
Let d be 100/((-16 + -16)/(-16)). Calculate the highest common divisor of d and 3530.
10
Let c(f) = f**3 + 5*f**2 + f - 1. Let i be c(4). Let s be 4/(16/108) - 6. What is the highest common divisor of i and s?
21
Let x = 0 + 12. Let p = -2033 - -2009. Let n be 345/x + p/32. Calculate the greatest common divisor of n and 196.
28
Let u(b) = b**2 - 7*b - 130. Let d = 368 + -388. Let w be u(d). Calculate the highest common factor of w and 164.
82
Let w = -9 - -17. Let d = 103018 - 102918. What is the greatest common factor of d and w?
4
Suppose 7 = -y + 16. Suppose c - 3*c = -24. Let i be 536/c - 1/(-3). Calculate the greatest common divisor of i and y.
9
Let g(j) = -13*j - 968. Let z be g(-76). What is the greatest common factor of 1124 and z?
4
Suppose -2*u = -6, -93*c - 4*u + 16114 = -91*c. Calculate the highest common divisor of 83 and c.
83
Let t be 2/2*20*1. Suppose 10*d + 4547 = 37. Let b = d + 631. Calculate the highest common divisor of t and b.
20
Suppose 3*x - 627 = -4*c, 5*x - 202 = -c - 24. Let f(h) = 1 + 280*h + 278*h + 7*h**2 - 552*h. Let w be f(-2). What is the highest common factor of w and c?
17
Let s be -17 + 15 + (-1 + 6 - 0). Let p be 10/s*(0 - (-6)/4). Suppose 0 = -p*d, -2*b - 4*d = -7*d - 60. What is the greatest common factor of b and 90?
30
Let z be (-864873)/(-21) - (-123)/(-287). What is the highest common divisor of z and 36?
36
Suppose a + 40 = 5*a. Let c = -206 - 295. Let f = c + 507. Calculate the greatest common factor of f and a.
2
Suppose 0 = 25*g - 520 - 105. Suppose -k + 0*k = 0. Suppose -r + 25 = -k*r. Calculate the greatest common factor of r and g.
25
Let f be ((-105)/20)/(1/(-4)). Suppose -9*n - 6 = f. Let p be ((-282)/8)/n + (-2)/(-8). What is the highest common factor of p and 54?
6
Let a(b) = 4*b**2 - 2*b. Let z be a(-2). Suppose g + 436 = -4*q + 5*g, -3*g - 233 = 2*q. Let r = 182 + q. What is the highest common divisor of z and r?
10
Let c = -477 + 480. Suppose 14 = b - 2*g, c*b - g + 1 = 23. What is the greatest common factor of b and 222?
6
Let s = 28792 + 16520. What is the greatest common divisor of s and 177?
177
Let w(u) = 4*u**2 - 2*u. Let s be w(2). Suppose -5*o + 77 = s. Suppose 31*v - 351 = 28*v. What is the highest common divisor of v and o?
13
Supp